lions digit of 11700092?
1
What is the thousands digit of 24561883?
1
What is the units digit of 31036737?
7
What is the thousands digit of 371136?
1
What is the ten thousands digit of 18562212?
6
What is the tens digit of 390779?
7
What is the millions digit of 1698671?
1
What is the hundred thousands digit of 9571561?
5
What is the tens digit of 224027?
2
What is the hundred thousands digit of 291748?
2
What is the hundred thousands digit of 6327397?
3
What is the tens digit of 16246747?
4
What is the hundred thousands digit of 833655?
8
What is the tens digit of 93410?
1
What is the millions digit of 1608535?
1
What is the ten millions digit of 24430462?
2
What is the tens digit of 1993891?
9
What is the hundred thousands digit of 1241312?
2
What is the millions digit of 1185987?
1
What is the millions digit of 14240474?
4
What is the hundreds digit of 263277?
2
What is the ten thousands digit of 324463?
2
What is the units digit of 499762?
2
What is the millions digit of 5314728?
5
What is the hundred thousands digit of 4699410?
6
What is the thousands digit of 3282751?
2
What is the hundred thousands digit of 11086512?
0
What is the units digit of 7358722?
2
What is the hundred thousands digit of 737133?
7
What is the ten thousands digit of 13052267?
5
What is the ten thousands digit of 2767354?
6
What is the hundreds digit of 1102625?
6
What is the thousands digit of 457839?
7
What is the hundred thousands digit of 1926218?
9
What is the units digit of 2976382?
2
What is the units digit of 97866?
6
What is the hundreds digit of 207850?
8
What is the hundred thousands digit of 7549638?
5
What is the millions digit of 8677996?
8
What is the tens digit of 47317?
1
What is the tens digit of 162920?
2
What is the ten thousands digit of 80595?
8
What is the hundred thousands digit of 6939210?
9
What is the units digit of 33518339?
9
What is the hundreds digit of 176662?
6
What is the ten thousands digit of 271694?
7
What is the ten thousands digit of 523687?
2
What is the millions digit of 1321216?
1
What is the units digit of 245995?
5
What is the millions digit of 2443955?
2
What is the thousands digit of 6505648?
5
What is the millions digit of 11601206?
1
What is the ten thousands digit of 153391?
5
What is the millions digit of 30489837?
0
What is the thousands digit of 1393?
1
What is the thousands digit of 5457160?
7
What is the ten thousands digit of 562839?
6
What is the hundreds digit of 5942908?
9
What is the hundreds digit of 4447792?
7
What is the ten thousands digit of 9800327?
0
What is the millions digit of 8354974?
8
What is the ten millions digit of 23761613?
2
What is the ten thousands digit of 11584813?
8
What is the units digit of 849114?
4
What is the ten thousands digit of 2601138?
0
What is the tens digit of 88745?
4
What is the hundred thousands digit of 3547256?
5
What is the thousands digit of 395676?
5
What is the tens digit of 3230432?
3
What is the tens digit of 6722532?
3
What is the hundreds digit of 22065?
0
What is the tens digit of 353182?
8
What is the thousands digit of 2262598?
2
What is the hundred thousands digit of 186624?
1
What is the hundred thousands digit of 1321989?
3
What is the units digit of 347697?
7
What is the units digit of 130225?
5
What is the ten thousands digit of 2172040?
7
What is the hundred thousands digit of 2852943?
8
What is the units digit of 898233?
3
What is the millions digit of 6497736?
6
What is the hundreds digit of 7413146?
1
What is the ten thousands digit of 403426?
0
What is the units digit of 434647?
7
What is the hundreds digit of 2417774?
7
What is the hundred thousands digit of 481011?
4
What is the thousands digit of 1842984?
2
What is the millions digit of 4488989?
4
What is the tens digit of 6024525?
2
What is the ten thousands digit of 1029052?
2
What is the hundreds digit of 820885?
8
What is the millions digit of 1423747?
1
What is the thousands digit of 133525?
3
What is the units digit of 833703?
3
What is the ten millions digit of 31657688?
3
What is the ten millions digit of 25780830?
2
What is the tens digit of 2613056?
5
What is the ten thousands digit of 25546161?
4
What is the tens digit of 69294?
9
What is the tens digit of 5798217?
1
What is the ten thousands digit of 786536?
8
What is the hundreds digit of 2835731?
7
What is the thousands digit of 5265780?
5
What is the units digit of 1336168?
8
What is the tens digit of 1035193?
9
What is the hundred thousands digit of 412835?
4
What is the hundred thousands digit of 2377732?
3
What is the hundreds digit of 35512986?
9
What is the ten millions digit of 25644193?
2
What is the units digit of 4057?
7
What is the units digit of 792183?
3
What is the tens digit of 44801?
0
What is the ten thousands digit of 349365?
4
What is the units digit of 95979?
9
What is the hundreds digit of 3013597?
5
What is the thousands digit of 1141983?
1
What is the hundred thousands digit of 252138?
2
What is the units digit of 2724601?
1
What is the thousands digit of 544656?
4
What is the millions digit of 1107733?
1
What is the tens digit of 82119?
1
What is the hundred thousands digit of 4207257?
2
What is the thousands digit of 4448061?
8
What is the ten thousands digit of 3538003?
3
What is the hundred thousands digit of 480184?
4
What is the units digit of 6290734?
4
What is the tens digit of 4875487?
8
What is the tens digit of 637913?
1
What is the tens digit of 9616745?
4
What is the ten thousands digit of 886485?
8
What is the millions digit of 16880997?
6
What is the thousands digit of 178712?
8
What is the tens digit of 121210?
1
What is the tens digit of 8626079?
7
What is the hundred thousands digit of 6229402?
2
What is the tens digit of 3991907?
0
What is the thousands digit of 293067?
3
What is the units digit of 3639649?
9
What is the units digit of 1446159?
9
What is the thousands digit of 974682?
4
What is the units digit of 3658145?
5
What is the thousands digit of 3749004?
9
What is the hundred thousands digit of 33310269?
3
What is the hundreds digit of 23686138?
1
What is the ten thousands digit of 129901?
2
What is the millions digit of 17633621?
7
What is the units digit of 621420?
0
What is the units digit of 835675?
5
What is the ten thousands digit of 4028057?
2
What is the hundreds digit of 9639212?
2
What is the units digit of 219615?
5
What is the ten thousands digit of 6367771?
6
What is the units digit of 1566947?
7
What is the hundreds digit of 49455?
4
What is the units digit of 59743?
3
What is the thousands digit of 4637877?
7
What is the hundred thousands digit of 7803946?
8
What is the thousands digit of 967424?
7
What is the ten thousands digit of 45140?
4
What is the thousands digit of 1204262?
4
What is the tens digit of 1482804?
0
What is the tens digit of 255259?
5
What is the units digit of 4796258?
8
What is the tens digit of 262621?
2
What is the thousands digit of 1812767?
2
What is the ten thousands digit of 2017433?
1
What is the tens digit of 532720?
2
What is the units digit of 773296?
6
What is the ten thousands digit of 373195?
7
What is the tens digit of 12624670?
7
What is the ten thousands digit of 4965579?
6
What is the hundreds digit of 8813052?
0
What is the tens digit of 452649?
4
What is the ten thousands digit of 221874?
2
What is the thousands digit of 160606?
0
What is the ten thousands digit of 730934?
3
What is the thousands digit of 456198?
6
What is the millions digit of 3256845?
3
What is the thousands digit of 237062?
7
What is the tens digit of 756952?
5
What is the ten thousands digit of 115508?
1
What is the hundred thousands digit of 2640061?
6
What is the tens digit of 1902967?
6
What is the tens digit of 2902161?
6
What is the units digit of 4527846?
6
What is the tens digit of 1089326?
2
What is the units digit of 1523526?
6
What is the ten thousands digit of 1727842?
2
What is the ten thousands digit of 32895?
3
What is the thousands digit of 587662?
7
What is the hundred thousands digit of 854280?
8
What is the hundred thousands digit of 340646?
3
What is the hundred thousands digit of 591031?
5
What is the tens digit of 1862984?
8
What is the ten thousands digit of 2402463?
0
What is the millions digit of 25688411?
5
What is the thous